18631596 and 19764.
732
What is the greatest common divisor of 1250632 and 448?
8
What is the highest common factor of 365 and 1763095?
5
What is the greatest common divisor of 390 and 4497645?
15
Calculate the greatest common factor of 3684 and 28716.
12
Calculate the greatest common divisor of 9752704 and 1872.
208
Calculate the greatest common divisor of 1048540 and 355.
5
Calculate the greatest common factor of 348 and 1534788.
12
What is the greatest common factor of 18 and 4008324?
6
Calculate the highest common divisor of 1410 and 87688840.
470
Calculate the highest common divisor of 6126 and 73019878.
2042
What is the highest common factor of 81104 and 2331888?
592
What is the highest common factor of 4851 and 9271437?
147
Calculate the highest common factor of 1137339 and 495243.
441
Calculate the greatest common factor of 10096326 and 1296.
162
Calculate the greatest common divisor of 40734 and 1116.
558
What is the greatest common factor of 191794756 and 8072?
4036
Calculate the greatest common divisor of 66 and 118623538.
22
What is the greatest common factor of 19975 and 2120546?
799
What is the greatest common divisor of 65888827 and 76?
19
What is the greatest common divisor of 114443945 and 154?
77
What is the greatest common factor of 462215 and 12050545?
845
Calculate the greatest common divisor of 23085 and 33732315.
2565
What is the greatest common divisor of 423680 and 93520?
80
Calculate the highest common factor of 1264702940 and 40.
20
Calculate the highest common divisor of 98 and 5422550.
14
Calculate the greatest common factor of 84 and 2869732152.
84
Calculate the greatest common factor of 2978464 and 4000.
32
What is the greatest common factor of 204 and 25476168?
12
Calculate the greatest common divisor of 126500 and 4983.
11
What is the greatest common factor of 541159540 and 5?
5
Calculate the highest common factor of 181843 and 670079.
2491
Calculate the greatest common divisor of 117911 and 13.
1
Calculate the highest common factor of 195 and 3742115.
65
Calculate the highest common factor of 1644 and 847893.
411
What is the highest common divisor of 1305 and 20949455?
145
Calculate the greatest common factor of 15120 and 338445.
135
Calculate the highest common factor of 108063 and 4599.
9
What is the highest common factor of 646740864 and 5072?
5072
Calculate the highest common divisor of 2916 and 4086018.
54
Calculate the highest common factor of 153198 and 43614.
18
What is the highest common factor of 11120757 and 84360?
2109
Calculate the highest common divisor of 1075 and 140141515.
215
What is the greatest common divisor of 423 and 31144785?
141
Calculate the highest common factor of 1313045 and 40.
5
What is the greatest common divisor of 733967 and 4901?
169
Calculate the greatest common factor of 14328608 and 525.
7
What is the greatest common divisor of 23787 and 16053?
3
What is the greatest common divisor of 97185428 and 12?
4
Calculate the highest common factor of 6193476 and 1674.
54
Calculate the highest common factor of 176 and 1674656.
16
Calculate the highest common divisor of 1703 and 1508286.
13
Calculate the greatest common divisor of 12 and 7905342.
6
Calculate the highest common divisor of 2794288 and 7362.
818
What is the highest common divisor of 343929 and 72?
3
Calculate the greatest common divisor of 742 and 204493186.
106
Calculate the greatest common factor of 12 and 8280988.
4
What is the greatest common factor of 5187950 and 615950?
6350
Calculate the highest common divisor of 550 and 263763200.
50
Calculate the highest common divisor of 25994 and 2939782.
82
Calculate the highest common factor of 2775 and 22528930.
185
Calculate the greatest common factor of 1512 and 49494144.
168
What is the highest common divisor of 87638 and 2598920?
3022
What is the greatest common divisor of 114 and 730123678?
38
What is the highest common divisor of 196 and 11879770?
14
Calculate the greatest common divisor of 157681630 and 413.
59
What is the greatest common divisor of 42505525 and 125?
25
Calculate the highest common factor of 11215030 and 805.
115
Calculate the highest common divisor of 1210531720 and 356.
356
What is the highest common divisor of 1301302 and 1133?
103
What is the greatest common divisor of 56436 and 6348?
12
What is the highest common divisor of 12039034 and 42?
14
What is the greatest common factor of 3033660 and 159278?
434
Calculate the highest common divisor of 6519960 and 720.
360
What is the highest common divisor of 179469 and 486?
27
Calculate the greatest common factor of 1261329148 and 614.
614
What is the greatest common factor of 14065 and 7649905?
485
Calculate the highest common factor of 1045120 and 5092120.
2840
Calculate the greatest common factor of 3352516 and 464.
116
Calculate the highest common factor of 923238600 and 72.
24
Calculate the greatest common factor of 6868099 and 1624.
203
What is the highest common divisor of 163917 and 13535061?
1401
What is the highest common divisor of 219151 and 201502?
37
Calculate the greatest common divisor of 52528 and 416.
16
Calculate the highest common divisor of 202300 and 3220.
140
Calculate the highest common factor of 5160 and 15819480.
120
What is the greatest common factor of 42966 and 35585396?
4774
What is the greatest common divisor of 249642 and 515154?
138
Calculate the greatest common divisor of 24242 and 680782.
34
What is the highest common factor of 21645 and 77174045?
2405
Calculate the highest common factor of 1963 and 1385553.
13
What is the greatest common divisor of 14056746 and 726?
66
Calculate the highest common factor of 2786679 and 74124.
639
Calculate the highest common divisor of 1744 and 21200.
16
Calculate the greatest common divisor of 13413 and 9843.
51
Calculate the highest common divisor of 117299 and 28756.
91
Calculate the greatest common factor of 2105079 and 3621.
213
Calculate the highest common divisor of 2697458 and 2788.
34
What is the greatest common divisor of 156587 and 1160403?
1037
Calculate the greatest common factor of 1273154 and 43259.
181
Calculate the greatest common factor of 15 and 37941225.
15
Calculate the highest common divisor of 598986 and 101386.
622
Calculate the greatest common divisor of 9 and 84242664.
9
What is the greatest common factor of 14689710 and 2502?
18
Calculate the greatest common divisor of 2122036 and 42.
14
What is the highest common divisor of 310 and 5854474?
62
What is the highest common divisor of 26526 and 81775237?
4421
Calculate the greatest common divisor of 3663480 and 1800.
120
Calculate the greatest common divisor of 810 and 2312215065.
405
What is the highest common factor of 27336 and 27440922?
402
Calculate the highest common factor of 2323125 and 16461.
531
Calculate the highest common divisor of 9254 and 9369675.
4627
Calculate the greatest common divisor of 133 and 98687197.
133
What is the highest common divisor of 697082 and 123?
41
What is the highest common factor of 4919050 and 530?
10
Calculate the greatest common divisor of 10941 and 96054.
21
What is the greatest common factor of 556 and 311667190?
278
Calculate the highest common divisor of 4641 and 403449865.
1547
Calculate the greatest common factor of 2268 and 5077758.
42
Calculate the greatest common factor of 307886 and 1489058.
514
What is the highest common divisor of 2301 and 4882191?
177
What is the highest common divisor of 414120 and 25296?
408
Calculate the greatest common divisor of 1053 and 5487781.
13
Calculate the highest common divisor of 62 and 40678262.
62
What is the highest common factor of 10839941 and 77?
7
Calculate the greatest common factor of 13 and 30456062.
13
Calculate the highest common factor of 77 and 372078003.
11
What is the greatest common divisor of 34505 and 2597660?
515
What is the greatest common factor of 3427 and 106352?
23
Calculate the highest common factor of 162270 and 25920.
270
What is the highest common divisor of 237930604 and 84636?
9404
What is the highest common divisor of 776160 and 246048?
1056
Calculate the highest common factor of 107132958 and 1098.
1098
Calculate the highest common divisor of 15236 and 52468.
52
What is the greatest common divisor of 59 and 149676746?
59
What is the high